s 550343137 a prime number?
True
Is 48599479 prime?
False
Is 29443421 a composite number?
True
Is 2138093 prime?
True
Is 151900251 a prime number?
False
Is 4159793 a composite number?
True
Is 82386695 prime?
False
Is 45232573 a prime number?
True
Is 581521 composite?
False
Is 76591 a prime number?
False
Is 84049127 prime?
False
Is 525182313 a composite number?
True
Is 19929079 a composite number?
True
Is 42160711 a prime number?
False
Is 23406937 prime?
False
Is 27813263 prime?
False
Is 1302443 a composite number?
False
Is 1101899 a prime number?
False
Is 65833409 a prime number?
True
Is 831881 a composite number?
False
Is 10478161 prime?
True
Is 2971371971 a prime number?
True
Is 654558299 composite?
False
Is 39656251 prime?
True
Is 370114477 prime?
False
Is 16276541 a composite number?
False
Is 30721277 prime?
True
Is 44786155 composite?
True
Is 920197 a composite number?
False
Is 93349013 a prime number?
True
Is 2820941 prime?
True
Is 2864913 prime?
False
Is 3487871 prime?
True
Is 2252131 prime?
False
Is 52940967 composite?
True
Is 220549001 prime?
False
Is 6168047 a composite number?
True
Is 2894209 composite?
False
Is 16836977 a composite number?
True
Is 1473593 a composite number?
True
Is 6062899 composite?
True
Is 99759971 a prime number?
False
Is 24093929 prime?
True
Is 232094683 a prime number?
True
Is 864581 composite?
False
Is 273346981 a composite number?
False
Is 19930169 prime?
False
Is 234429227 a composite number?
False
Is 42897937 prime?
True
Is 2076383 a prime number?
True
Is 43706281 a prime number?
True
Is 505289 prime?
False
Is 36495731 a prime number?
True
Is 2423917 a prime number?
True
Is 544740929 composite?
False
Is 119643923 a composite number?
True
Is 326135233 prime?
True
Is 132332339 a prime number?
False
Is 5971211 composite?
True
Is 56060551 prime?
True
Is 477953 prime?
False
Is 36510503 composite?
False
Is 1414591 composite?
True
Is 33325151 prime?
False
Is 5196929 prime?
False
Is 226123189 a prime number?
False
Is 351341 prime?
True
Is 5539153 a composite number?
True
Is 256576609 composite?
False
Is 443759273 composite?
False
Is 941971 composite?
False
Is 19927165 a prime number?
False
Is 2841769 a composite number?
True
Is 540677 prime?
True
Is 58410111 composite?
True
Is 5101429 prime?
False
Is 1202533 composite?
True
Is 9565579 composite?
False
Is 4704941 composite?
True
Is 508881167 prime?
False
Is 24726557 a composite number?
False
Is 9528811 composite?
True
Is 2277274 composite?
True
Is 3047729 a composite number?
False
Is 1966697 a composite number?
False
Is 2950291 a composite number?
False
Is 66698209 a prime number?
True
Is 6373187 prime?
True
Is 198589 prime?
True
Is 394663379 a composite number?
True
Is 123791 prime?
True
Is 60740843 a composite number?
False
Is 1462507 a composite number?
False
Is 1612249 composite?
False
Is 27888767 a composite number?
True
Is 160519417 a composite number?
False
Is 715739 composite?
False
Is 174863233 composite?
True
Is 3307207 a prime number?
False
Is 17425117 a prime number?
True
Is 42485327 a composite number?
False
Is 10442033 a composite number?
True
Is 63229643 a prime number?
False
Is 2735189 a composite number?
False
Is 75891293 composite?
False
Is 1221221 a composite number?
False
Is 253307 prime?
True
Is 18052737 prime?
False
Is 5891663 a prime number?
True
Is 445288909 composite?
True
Is 78851347 composite?
False
Is 107138 prime?
False
Is 14134097 a composite number?
True
Is 20379451 composite?
False
Is 15246917 a prime number?
False
Is 2138789 a composite number?
False
Is 1413690251 composite?
False
Is 400041115 prime?
False
Is 621217 a composite number?
False
Is 117401071 a prime number?
False
Is 29956081 prime?
True
Is 2885227 a composite number?
True
Is 473933 a prime number?
False
Is 153515218 composite?
True
Is 29971334 composite?
True
Is 58707469 composite?
True
Is 1029247 a prime number?
True
Is 185538853 a prime number?
True
Is 157513 a prime number?
True
Is 61255 a prime number?
False
Is 2632829 a prime number?
True
Is 907673 composite?
True
Is 12000407 composite?
False
Is 590648063 prime?
True
Is 626233 a composite number?
True
Is 10032727 a composite number?
True
Is 1510877 prime?
True
Is 12746137 a prime number?
False
Is 11775103 composite?
True
Is 185289973 composite?
True
Is 8772409 composite?
True
Is 288081967 prime?
True
Is 39877703 a prime number?
False
Is 1920997 a composite number?
True
Is 60479621 composite?
False
Is 931161289 composite?
False
Is 14147557 composite?
True
Is 705121 a prime number?
False
Is 8887993 a prime number?
False
Is 24249151 composite?
True
Is 6204977 composite?
False
Is 19123357 prime?
False
Is 21117487 a prime number?
True
Is 199503698 composite?
True
Is 2850647 a composite number?
False
Is 1448093 a composite number?
True
Is 1720307617 composite?
True
Is 6883259 a composite number?
False
Is 690233 composite?
False
Is 55185763 a prime number?
False
Is 8422649 a prime number?
True
Is 4447895 prime?
False
Is 17747797 a composite number?
True
Is 290293979 a composite number?
False
Is 7388429 prime?
True
Is 4947029 a composite number?
False
Is 12746509 prime?
True
Is 79626317 prime?
False
Is 76242521 composite?
False
Is 22387103 composite?
True
Is 119870263 prime?
False
Is 1910869 a prime number?
True
Is 17100353 a prime number?
True
Is 649903 composite?
True
Is 3193627 composite?
False
Is 1082083 a prime number?
True
Is 7636703 a composite number?
False
Is 103048087 a composite number?
True
Is 61158203 prime?
False
Is 24066617 composite?
False
Is 7189289 a prime number?
True
Is 21628427 prime?
True
Is 37574657 a prime number?
True
Is 127273667 composite?
False
Is 3223219 prime?
False
Is 85297 composite?
False
Is 277404977 a prime number?
False
Is 4360467 prime?
False
Is 1533101 a composite number?
False
Is 49543471 prime?
True
Is 1879181 prime?
False
Is 86381647 prime?
False
Is 13253971 prime?
True
Is 396667 a composite number?
False
Is 19394899 prime?
True
Is 5955211 prime?
True
Is 935303 a prime number?
True
Is 28960667 composite?
False
Is 4061429 prime?
True
Is 529196203 a composite number?
True
Is 2195413 prime?
False
Is 465742887 composite?
True
Is 2959127 a composite number?
False
Is 328485133 a prime number?
True
Is 13968109 a prime number?
False
Is 340169 composite?
False
Is 1744501 composite?
True
Is 22114853 a composite number?
False
Is 437204633 composite?
False
Is 2255899 a prime number?
True
Is 816393 composite?
True
Is 6107258 prime?
False
Is 3641719 composite?
True
Is 216100483 prime?
False
Is 90069797 composite?
True
Is 1902271 prime?
False
Is 2427947 a composite number?
False
Is 13012269 prime?
False
Is 49772797 composite?
False
Is 30861703 prime?
True
Is 8688263 a prime number?
False
Is 18006589 composite?
True
Is 11485261 a prime number?
True
Is 4885219 a prime number?
True
Is 19183231 a prime number?
True
Is 22728757 a prime number?
True
Is 5543831 composite?
False
Is 7471231 a prime number?
False
Is 13776701 a prime number?
False
Is 18312557 a composite number?
False
Is 151721143 a composite number?
True
Is 460531 composite?
False
Is 29591 prime?
False
Is 5733401 prime?
True
Is 15539171 a composite number?
False
Is 10244203 composite?
True
Is 909437 composite?
False
Is 20408897 composite?
True
Is 6616983 a composite number?
True
Is 794149 prime?
True
Is 93809 a prime number?
True
Is 4201 a composite number?
False
Is 46543821 a composite number?
True
Is 27256727 prime?
True
Is 642953 a prime number?
True
Is 12714937 prime?
True
Is 282053171 prime?
False
Is 25739017 a prime number?
True
Is 605203 a prime number?
False
Is 93051482 prime?
False
Is 1157033 a composite number?
False
Is 84374317 a composite number?
False
Is 655346261 a composite number?
True
Is 597473 a composite number?
False
Is 1864649 a composite number?
False
Is 62881549 a composite number?
False
Is 54788603 a composite number?
True
Is 348401 composite?
False
Is 3488033 prime?
False
Is 868276655 a composite number?
True
Is 9153581 composite?
False
Is 4907303 composite?
True
Is 7964093 prime?
True
Is 53113073 a composite number?
True
Is 5131781 composite?
False
Is 20267679 composite?
True
Is 289627729 composite?
True
Is 15817379 prime?
True
Is 186526337 composite?
False
Is 8468455 a composite number?
True
Is 4766189 a com